10
Convert -113b1 (base 14) to base 8.
-121657
283 (base 11) to base 2
101001101
What is -614 (base 12) in base 16?
-370
-5462 (base 8) to base 12
-17aa
What is 2966 (base 13) in base 7?
23330
What is -7506 (base 11) in base 8?
-23310
-5bb (base 12) to base 16
-35f
Convert -4504 (base 16) to base 15.
-537d
What is -1487 (base 9) in base 7?
-3205
What is 8f3 (base 16) in base 15?
a2b
Convert 4b36 (base 13) to base 8.
24704
aacf (base 16) to base 15
ce52
What is -10311 (base 4) in base 9?
-373
Convert 5 (base 6) to base 14.
5
Convert -814 (base 15) to base 12.
-1077
Convert -378 (base 10) to base 8.
-572
43224 (base 5) to base 8
5573
Convert -20b58 (base 13) to base 8.
-163256
-10534 (base 12) to base 6
-243304
Convert 1042 (base 5) to base 6.
403
Convert -44600 (base 7) to base 3.
-120110102
What is -303232 (base 5) in base 7?
-40423
Convert 12127 (base 9) to base 8.
17675
-1003 (base 6) to base 3
-22010
-30 (base 12) to base 10
-36
4326 (base 9) to base 8
6157
What is 7708 (base 9) in base 8?
13056
What is 12011 (base 3) in base 5?
1024
What is 1a0 (base 14) in base 4?
11100
Convert 510344 (base 6) to base 9.
61261
What is 4131201 (base 5) in base 8?
204134
Convert -222010211 (base 3) to base 13.
-889c
Convert -1010001 (base 2) to base 3.
-10000
-10a5 (base 16) to base 13
-1c2a
Convert -134b (base 16) to base 15.
-16e4
What is 4543 (base 7) in base 12?
b54
Convert -394 (base 13) to base 2.
-1001110100
What is 23410 (base 6) in base 5?
102030
53454 (base 6) to base 16
1c8a
41 (base 5) to base 10
21
What is -1000110101110 (base 2) in base 15?
-151b
110010100 (base 2) to base 16
194
-10212232 (base 4) to base 5
-1100422
Convert -306 (base 10) to base 8.
-462
What is 23605 (base 10) in base 7?
125551
Convert 4c (base 16) to base 8.
114
What is 871 (base 11) in base 2?
10000010110
Convert 28c (base 15) to base 6.
2410
-139 (base 12) to base 13
-117
Convert -504 (base 10) to base 8.
-770
What is -31997 (base 11) in base 9?
-70640
4053 (base 12) to base 3
100120100
Convert -351 (base 10) to base 11.
-29a
What is 4256 (base 9) in base 15?
dd9
Convert 15f59 (base 16) to base 6.
1532225
685 (base 9) to base 16
233
14ad (base 16) to base 5
132133
What is -190 (base 12) in base 3?
-100100
Convert 108 (base 16) to base 11.
220
What is -14122 (base 6) in base 4?
-202202
Convert -23212 (base 7) to base 16.
-1732
What is 399 (base 15) in base 16?
333
Convert -1311 (base 6) to base 12.
-237
5055 (base 6) to base 15
4e5
What is -1636 (base 8) in base 12?
-652
What is -9766 (base 14) in base 11?
-18720
-21131103 (base 4) to base 6
-455203
Convert -627 (base 14) to base 7.
-3350
Convert -10 (base 14) to base 16.
-e
Convert 4220 (base 5) to base 7.
1430
Convert 1074 (base 14) to base 16.
b1e
-2359a (base 11) to base 3
-1201121212
Convert 14161 (base 9) to base 7.
40012
Convert -1102 (base 6) to base 9.
-312
-2213 (base 5) to base 12
-218
Convert -1128 (base 14) to base 16.
-ba0
Convert -1101101001101 (base 2) to base 11.
-5284
What is 4032 (base 5) in base 8?
1005
Convert -321 (base 8) to base 4.
-3101
1014 (base 16) to base 15
1346
-842 (base 12) to base 9
-1575
517 (base 13) to base 16
361
What is -316 (base 8) in base 9?
-248
What is -2222 (base 5) in base 15?
-15c
Convert -1142 (base 6) to base 11.
-233
-12113 (base 5) to base 12
-638
What is 11230 (base 5) in base 14?
423
What is -75b (base 12) in base 4?
-100313
What is 10101322 (base 4) in base 14?
6562
70 (base 9) to base 14
47
What is 103121 (base 6) in base 13?
3b1a
Convert 2654 (base 12) to base 5.
120014
-575 (base 8) to base 3
-112010
What is 3300 (base 4) in base 5?
1430
What is -331231 (base 4) in base 7?
-14341
Convert 1557d (base 15) to base 11.
47714
-c804 (base 15) to base 8
-122500
What is 32298 (base 10) in base 6?
405310
Convert 35a1 (base 12) to base 13.
2986
13ad8 (base 14) to base 9
73840
Convert 232032 (base 6) to base 10.
19892
-2405 (base 6) to base 16
-245
What is 216 (base 9) in base 16?
b1
What is 14664 (base 12) in base 13?
10021
Convert -5259 (base 12) to base 4.
-2030211
What is 2021120022 (base 3) in base 14?
124dc
Convert -131132 (base 5) to base 3.
-21002101
Convert -20 (base 14) to base 12.
-24
Convert -1514 (base 7) to base 12.
-41b
cb2 (base 14) to base 9
3386
b8c (base 13) to base 14
a11
5651 (base 15) to base 16
477d
What is 10300 (base 7) in base 15?
b4d
Convert -26b5 (base 13) to base 5.
-134211
What is -17226 (base 8) in base 13?
-3744
12412 (base 9) to base 16
20a2
What is 120102 (base 4) in base 7?
4350
Convert -18e (base 16) to base 12.
-292
What is -5983 (base 10) in base 11?
-454a
-272d (base 16) to base 3
-111202110
What is -669 (base 11) in base 10?
-801
-1243 (base 6) to base 5
-2230
Convert 3b9 (base 15) to base 6.
3533
-410 (base 6) to base 5
-1100
Convert -5 (base 10) to base 11.
-5
223 (base 10) to base 2
11011111
What is 2121202 (base 3) in base 14?
9a6
What is -3102 (base 7) in base 14?
-572
Convert 153 (base 10) to base 6.
413
e6e (base 16) to base 15
1164
10da (base 14) to base 7
11363
Convert -115 (base 10) to base 13.
-8b
Convert -314 (base 16) to base 8.
-1424
What is -424 (base 15) in base 10?
-934
What is -101002221 (base 3) in base 13?
-347b
What is 5550 (base 8) in base 12?
1834
Convert 7304 (base 8) to base 9.
5160
Convert -11213 (base 4) to base 14.
-1b9
What is 6137 (base 8) in base 16?
c5f
What is -4142 (base 6) in base 4?
-32132
What is 1897 (base 14) in base 10?
4445
What is -4b1 (base 12) in base 14?
-389
What is 100100101000111 (base 2) in base 14?
6b9d
What is -43733 (base 10) in base 12?
-21385
-508 (base 13) to base 3
-1011121
245 (base 7) to base 5
1011
Convert c52 (base 15) to base 7.
11045
What is 4d7 (base 16) in base 11?
a27
What is 1000111001001 (base 2) in base 11?
346a
-36 (base 12) to base 6
-110
Convert 101100001111010 (base 2) to base 12.
11136
7c5 (base 16) to base 12
1199
Convert -19a (base 15) to base 9.
-451
-11405 (base 8) to base 6
-34313
What is 1b096 (base 12) in base 13?
151b0
-22b96 (base 12) to base 3
-2100221220
What is 1572 (base 12) in base 6?
15422
Convert -12146 (base 9) to base 10.
-8142
What is -208 (base 10) in base 2?
-11010000
What is 3fb (base 16) in base 11?
847
What is 22 (base 3) in base 4?
20
What is -999a (base 13) in base 9?
-32341
-11221 (base 3) to base 9
-157
What is 465f (base 16) in base 2?
100011001011111
What is -11001000111111 (base 2) in base 16?
-323f
What is 2657 (base 10) in base 3?
10122102
Convert 101000011 (base 2) to base 8.
503
Convert -132445 (base 6) to base 13.
-577a
Convert -2726 (base 11) to base 2.
-110111010001
Convert -2331132 (base 4) to base 14.
-45c2
What is 1110012 (base 3) in base 13?
635
-21321000 (base 4) to base 14
-10a9a
-3758 (base 13) to base 10
-7847
22645 (base 12) to base 5
2431340
What is 5436 (base 7) in base 2?
11110010010
80a (base 12) to base 8
2212
What is -138 (base 14) in base 2?
-11110110
What is -34 (base 6) in base 15?
-17
What is 2a7 (base 16) in base 10?
679
What is -7a2 (base 14) in base 6?
-11002
Convert -139 (base 11) to base 7.
-322
What is 1321 (base 7) in base 9?
621
-46322 (base 7) to base 6
-130425
-310132 (base 4) to base 9
-4541
What is -a1 (base 15) in base 13?
-b8
-1050 (base 13) to base 15
-a0c
What is 403334 (base 5) in base 2?
11001010101001
What is -989 (base 13) in base 2?
-11001100010
-30547 (base 12) to base 6
-1203331
Convert -126404 (base 8) to base 15.
-d1cc
What is 2616 (base 9) in base 2?
11110100111
What is 5510 (base 6) in base 16?
4f2
23385 (base 10) to base 13
a84b
What is 63 (base 16) in base 7?
201
What is 310131 (base 4) in base 10?
3357
-37c (base 15) to base 2
-1100011000
What is 10066 (base 7) in base 12?
1501
-509 (base 10) to base 16
-1fd
Convert -1110100100110101 (base 2) to base 12.
-2a671
What is 13302 (base 4) in base 6?
2150
Convert 118 (base 16) to base 12.
1b4
-476 (base 15) to base 10
-1011
Convert -7924 (base 10) to base 13.
-37b7
Convert -220032 (base 4) to base 7.
-10335
Convert -23113 (base 4) to base 7.
-2056
What is -195 (base 13) in base 11?
-245
Convert -50a (base 11) to base 4.
-21213
Convert 10000101 (base 2) to base 15.
8d
Convert -2210111 (base 3) to base 16.
-7f6
11331 (base 4) to base 16
17d
What is 11103 (base 5) in base 3?
1001211
1001011110000010 (base 2) to base 4
21132002
-16638 (